se
Suppose 0 = -48*y + 39*y + 6282. Suppose 0 = -262*m + 261*m + y. Is 24 a factor of m?
False
Let z = 136 - -1750. Suppose z + 298 = 13*o. Does 24 divide o?
True
Suppose -t - 5*x + 2759 = 0, 6*t = x - 4*x + 16527. Does 34 divide t?
True
Suppose -6*n + 18 = -4*n - 4*h, -4*n = -5*h - 30. Let m = n + 501. Does 62 divide m?
False
Let l = 42 + 8. Let g = l + -46. Let f(r) = 36*r - 9. Is f(g) a multiple of 27?
True
Suppose 146864 = 4*s + 3*z, -93049 = -4*s + 3*z + 53791. Does 148 divide s?
False
Does 15 divide 156/117 + (-11693)/(-12) + (-3)/4?
True
Let o be (138/(-4))/(-3*9/54). Suppose 4*x - o = 287. Is 17 a factor of x?
False
Let i be (-7*1)/((-23)/23). Suppose -i*m + 592 = -332. Does 12 divide m?
True
Suppose 2762 = i + 4*b, 4*b - 12 = -4. Is 28 a factor of i?
False
Let t(x) = 139*x**2 + 90*x**3 - 4 - 288*x**2 + 144*x**2 + 6*x. Does 59 divide t(2)?
True
Let g(c) = -c**3 + 3*c**2 - 4*c. Let i be g(3). Let s be (4 + 52/i + 0)*-6. Suppose s*r = 4*r - 308. Is 8 a factor of r?
False
Suppose 5*x - 1114 = 3*c, 6*c - 3*x = 11*c + 1902. Let z = c + 456. Is 13 a factor of z?
True
Let j(s) = -16*s - 460. Let v(f) = 6*f - 133. Let t be v(17). Is j(t) even?
True
Let w(s) = -2*s**3 + 24*s**2 + 5. Let g be w(12). Suppose -g*t + 120 = -85. Is t a multiple of 2?
False
Suppose -66*m + 62*m - 3*w + 168917 = 0, 0 = -m + 13*w + 42298. Is 11 a factor of m?
False
Suppose -276*c + 1480341 = -2565543. Is 29 a factor of c?
False
Let f = 421 - 375. Suppose -36*t = -f*t + 910. Is t a multiple of 13?
True
Let q be (-2 - -4)*(-2 - 0). Let s(v) be the third derivative of v**5/20 - 7*v**4/24 - 2*v**3 + 100*v**2 - 5*v. Does 7 divide s(q)?
False
Let k = -2 + 0. Let l(y) = -5 - 5*y + 15321*y**2 - 15321*y**2 - 9*y**3. Is 44 a factor of l(k)?
False
Let h(l) = 10*l - 19. Let x(s) = 9*s - 21. Let w(f) = 6*h(f) - 7*x(f). Does 2 divide w(-2)?
False
Suppose -3*t - 4*o - 10 = 0, 0*t + 5*o = 5*t - 30. Suppose 0 = -4*w + t*f - 4, 4*f + 0 = 3*w - 2. Does 13 divide 78 + -12 + -2 + 2/w?
False
Let a(p) = -p**3 + 71*p**2 - 588*p - 60. Is 85 a factor of a(35)?
True
Suppose -5*t = 4*r - 1803 - 17881, -t + 4*r = -3932. Does 12 divide t?
True
Suppose -x + 5339 = -405*u + 409*u, 0 = 4*x - u - 21424. Is x a multiple of 119?
True
Suppose -2*d + 0*d - 44 = 0. Is 33/d + (-4206)/(-4) a multiple of 35?
True
Let p be (-4*(-3)/36)/(2/342). Let a = p + -10. Is a a multiple of 9?
False
Let d = 3985 - -23567. Does 14 divide d?
True
Let v(k) = -2*k**2 + 16*k + 31. Let g be v(14). Let n = -17 + g. Let o = 255 + n. Does 6 divide o?
False
Let d = -274 + 306. Suppose -21*u + d*u = 5940. Is 30 a factor of u?
True
Suppose 0 = 11*c - 182 + 105. Suppose c*l - 12*l + 754 = -2*h, 5*h = l - 137. Is 8 a factor of l?
True
Let z(f) = -298*f - 1886. Is 6 a factor of z(-20)?
True
Suppose 23*r - 24*r - 11 = -c, 4*c = 2*r + 28. Suppose -4*d + 2*b = d + 332, -b - 344 = 5*d. Is 10 a factor of (-482)/r + 17/d?
True
Let a = -8747 + 14627. Does 42 divide a?
True
Suppose -24*c + c = -966. Is 14/c - (-1)/((-3)/(-1388)) a multiple of 50?
False
Suppose 479136 = -85*g + 147*g. Does 23 divide g?
True
Let u(t) = 6*t**2 + 27*t + 32. Let h be u(-5). Let m be (-58 + 1 + -1)/(-2). Let k = h - m. Does 5 divide k?
False
Let c = 955 + -326. Suppose v + 85 - c = 0. Is 32 a factor of v?
True
Suppose -10*z = -11*z + 1. Let j = 13 - z. Let s = 63 + j. Does 14 divide s?
False
Suppose 6376 = 2*u + 49*r - 51*r, 8 = 2*r. Is 16 a factor of u?
False
Let n be (-84)/(-126) - (-1 - 36650/6). Suppose n = -4*q + 14*q. Is q a multiple of 13?
True
Suppose k = -3*z - 45, -4*z - 4*k = -0*k + 68. Let l = -38 - 17. Let i = z - l. Is i a multiple of 9?
False
Let x = -10223 - -14600. Is x a multiple of 15?
False
Is 174 a factor of (1025538/531)/(2/21)?
False
Let m(g) = -116*g + 4. Let f be m(-16). Suppose -3*h + 4*s + 304 = -810, -5*h + 5*s + f = 0. Does 34 divide h?
True
Is (-34)/(-51)*(-225)/12*-134 a multiple of 5?
True
Let m = 9583 - 556. Does 177 divide m?
True
Let w be 5/2*152/95. Suppose -m + 2 = w*t - 467, 4*m - 1948 = 2*t. Is 48 a factor of m?
False
Suppose f = -3*o + 24, -8*o = -f - 3*o. Is ((-12)/f - 1622/10)*-7 a multiple of 40?
False
Let v(m) = 140*m**3 + 3*m - 3. Suppose -4*g = 3*q - 4, -14*g - 2*q + 2 = -12*g. Is v(g) a multiple of 14?
True
Let f(p) = -43*p + 3517. Is f(73) a multiple of 18?
True
Suppose 42107 = 67*g - 7406. Is 2 a factor of g?
False
Let t be 1/2 - (-9)/(-18). Let v(x) = x**2 + x + 3. Let n be v(t). Does 15 divide (-1472)/(-48) + (-2)/n?
True
Let i = -41 + 61. Suppose -i = -16*l + 11*l. Suppose l*k + 21 = 4*r - 151, 5*r - 185 = -k. Is r a multiple of 3?
False
Suppose -3*i - 18 = -3*p, 0 = p + 4*i - i + 14. Is 5 a factor of p/((-94)/300 + (-5)/(-15))?
True
Let z = -4 - -6. Suppose 3*i = z + 1. Let p(w) = 114*w + 2. Is p(i) a multiple of 26?
False
Let a be (-7143)/(-7) + 4/7. Let z = a + -341. Is z a multiple of 35?
False
Let r = -216 + 216. Suppose -3*d - 3*l + 1703 - 440 = r, -5*d = 4*l - 2100. Is d a multiple of 7?
False
Let y(r) = -13*r**3 - 21*r**2 - 50*r + 47. Let j(s) = -7*s**3 - 10*s**2 - 25*s + 24. Let q(b) = 11*j(b) - 6*y(b). Let u = 2593 - 2607. Does 8 divide q(u)?
True
Suppose 0 = 4*f - 8 - 12. Let p(r) = 2*r - 3. Let z be p(f). Suppose -6*i + z*i - 84 = 0. Does 28 divide i?
True
Suppose 4*x = 3*q - 1, -3*x = 2*q - 4*q. Suppose 4*r + 284 = f + 3*f, 2*f + q*r = 147. Is f a multiple of 6?
True
Suppose z = 44*t - 48*t + 20728, 0 = 2*z - 5*t - 41391. Is 14 a factor of z?
False
Suppose 2*x - 5*j - 35 = 0, -5*j = 4*x - 62 - 23. Let l be 18/5 + 8/x. Suppose 2*i - 624 = -l*i. Is i a multiple of 26?
True
Suppose -98*d + 188648 + 844912 = 100*d. Is 23 a factor of d?
False
Suppose -2*g + 14 = 2*n, 5*n - 4*g - 6 = 20. Does 15 divide (61 - -29)*32/n?
True
Let l(d) = 2*d**2 + 13*d - 11. Let n(w) = 4*w**2 + 26*w - 24. Let z(m) = 5*l(m) - 2*n(m). Let t(f) = f - 22. Let v be t(12). Is z(v) a multiple of 21?
True
Let g = -646 - -1506. Suppose 10*h - 14*h + 4*r + g = 0, h = -4*r + 220. Does 27 divide h?
True
Is 26 a factor of (540/9)/((20/7085)/2)?
True
Suppose -4*v = -5*p - 4 - 2, 2*v - 5*p = -2. Suppose o - v*c - 48 = 131, c = -3*o + 576. Let x = -72 + o. Is 47 a factor of x?
False
Let t = -5529 - -25418. Is 165 a factor of t?
False
Suppose 2*q - 3*y - 15 = -2, 5*q = -4*y - 2. Suppose q*n = -3*z - z + 514, -5*n + 1313 = 3*z. Is 24 a factor of n?
False
Suppose -16*l - 14 + 62 = 0. Suppose l*m + 549 = 4*m + z, 0 = -4*z + 20. Is m a multiple of 68?
True
Let t(p) = 4*p**2 + 1456. Is 56 a factor of t(0)?
True
Let a be 4/12*(-4 - -16). Suppose -8*i + 1500 = -3*i - 3*z, a*i = -2*z + 1178. Let t = -154 + i. Is t a multiple of 11?
True
Suppose -6*r = -2*r - 228. Let b = -40 + r. Suppose 22*d - b*d - 190 = 0. Does 11 divide d?
False
Let p be -4 + ((-1368)/(-4))/3. Suppose -p = -u - 5*w, -5*w + 0*w + 380 = 4*u. Does 10 divide u?
True
Let x = -38 - -38. Let r be (x - -162) + (-10 - -10). Is 6 a factor of r/3 - ((-4)/4 - 0)?
False
Suppose 6*j = -28*j + 122910. Is 13 a factor of j?
False
Suppose -1295 = 5*c - 3*l - 54756, -3*l = 4*c - 42785. Is 8 a factor of c?
False
Let n(b) = 17*b**2 + 3*b - 792. Does 18 divide n(18)?
True
Let m(u) = 46*u + 120. Is 65 a factor of m(20)?
True
Let z(s) = -s**3 + 14*s**2 + 5*s + 45. Let c = -67 - -80. Is z(c) a multiple of 13?
False
Suppose b + 5*p - 24 = 0, -b = p - 6*p + 16. Suppose -1 = -b*k + 7. Suppose -2*v - k*v + 194 = 3*n, 20 = 4*v. Is 11 a factor of n?
False
Suppose 17*u + 34814 = 18*u - 3*g, -u = 3*g - 34802. Is 152 a factor of u?
True
Let p(v) = 2*v**3 + 63*v**2 - 33*v - 76. Let d be p(-32). Is 37 a factor of 1*4 - (d + -7)?
False
Let m(i) = i**3 + 12*i**2 + 7*i + 78. Let d be m(-9). Is (d/(-12))/((-6)/120) a multiple of 43?
True
Suppose -4*c - 2 + 0 = 3*o, -o + 2*c - 4 = 0. Let t be 4 + -4*(-1)/o. Does 16 divide ((-338)/(-52))/(t/12)?
False
Let q(f) be the first derivative of f**2 + 11*f + 29. Let m be q(12). Suppose -n - 5*i + 23 = -m, -i - 1 = 0. Is 7 a factor of n?
True
Suppose 2*g + 5*v - 36 - 38 = 0, g - 5*v - 67 = 0. Suppose 11 = -5*n + 2*k + g, 5*k + 6 = 2*n. Suppose -n*r + 231 + 97 = 0. Is 16 a factor of r?
False
Let o be (3 - 3)/(2 + 5/5). Suppose -b - 185 = -3*n + 142, o = 5*n + b - 553. Is 18 a factor of n?
False
Let a(g) = 6*g - 6. Let i(f) = -f. Let j(x) = 3*a(x) + 15*i(x). Let p = -100 + 112. Is